 {"id":9204,"date":"2024-09-26T18:23:14","date_gmt":"2024-09-26T16:23:14","guid":{"rendered":"https:\/\/cisiec2.e-przedszkolak.eu\/?page_id=9204"},"modified":"2025-02-18T16:32:04","modified_gmt":"2025-02-18T15:32:04","slug":"innowacje-pedagogiczne-w-roku-szkolnym-2024-2025","status":"publish","type":"page","link":"https:\/\/cisiec2.e-przedszkolak.eu\/archiwum\/innowacje-pedagogiczne-w-roku-szkolnym-2024-2025\/","title":{"rendered":"Innowacje pedagogiczne w roku szkolnym 2024\/2025"},"content":{"rendered":"<ol>\n<li>\n<h3><a href=\"https:\/\/cisiec2.e-przedszkolak.eu\/archiwum\/po-goralsku-na-co-dzien-i-od-swieta\/\">Po g\u00f3ralsku na co dzie\u0144 i od \u015bwi\u0119ta<\/a><\/h3>\n<ol>\n<li><a href=\"https:\/\/cisiec2.e-przedszkolak.eu\/archiwum\/2025\/02\/18\/warsztaty-regionalne-goralskie-kwiaty\/\">Warsztaty regionalne g\u00f3ralskie kwiaty<\/a><\/li>\n<\/ol>\n<\/li>\n<li>\n<h3><a href=\"https:\/\/cisiec2.e-przedszkolak.eu\/archiwum\/warsztaty-rolnicze-od-nasionka-do-warzywa\/\">Warsztaty rolnicze: &#8222;Od nasionka do warzywa&#8221;<\/a><\/h3>\n<\/li>\n<li>\n<h3><a href=\"https:\/\/cisiec2.e-przedszkolak.eu\/archiwum\/zolty-wrzesien\/\">\u017b\u00f3\u0142ty wrzesie\u0144&nbsp;<\/a><\/h3>\n<\/li>\n<li>\n<h3><a href=\"https:\/\/cisiec2.e-przedszkolak.eu\/archiwum\/robimy-soczek\/\">Robimy soczek<\/a><\/h3>\n<\/li>\n<li>\n<h3><a href=\"https:\/\/cisiec2.e-przedszkolak.eu\/archiwum\/warsztaty-kulinarne-z-kolem-gospodyn-wiejskich-maly-cisiec\">Warsztaty kulinarne z Ko\u0142em Gospody\u0144 Wiejskich \u201eMa\u0142y Cisiec\u201d<\/a><\/h3>\n<\/li>\n<li>\n<h3><a href=\"https:\/\/cisiec2.e-przedszkolak.eu\/archiwum\/2024\/11\/05\/dzien-dyni-pomaranczowy-pazdziernik\/\">Dzie\u0144 dyni &#8211; pomara\u0144czowy pa\u017adziernik<\/a><\/h3>\n<\/li>\n<li>\n<h3><a href=\"https:\/\/cisiec2.e-przedszkolak.eu\/archiwum\/2024\/12\/02\/polskie-stroje-ludowe-przyspiewki-i-tance-warsztaty-regionalne\/\">\u201e<\/a><a href=\"https:\/\/cisiec2.e-przedszkolak.eu\/archiwum\/2024\/12\/02\/polskie-stroje-ludowe-przyspiewki-i-tance-warsztaty-regionalne\/\">Polskie stroje ludowe, przy\u015bpiewki i ta\u0144ce\u201d \u2013 warsztaty regionalne<\/a><\/h3>\n<\/li>\n<li>\n<h3 class=\"Standard\"><a href=\"https:\/\/cisiec2.e-przedszkolak.eu\/archiwum\/koncert-zespolu-regionalnego-male-cisy\/\">Koncert zespo\u0142u regionalnego \u201eMa\u0142e Cisy\u201d<\/a><\/h3>\n<\/li>\n<li>\n<h3 class=\"Standard\"><a href=\"https:\/\/cisiec2.e-przedszkolak.eu\/archiwum\/2024\/12\/04\/brazowy-listopad\/\"><span style=\"color: #801900;\">BR\u0104ZOWY LISTOPAD<\/span><\/a><\/h3>\n<\/li>\n<\/ol>\n","protected":false},"excerpt":{"rendered":"<p>Po g\u00f3ralsku na co dzie\u0144 i od \u015bwi\u0119ta Warsztaty regionalne g\u00f3ralskie kwiaty Warsztaty rolnicze: &#8222;Od nasionka do warzywa&#8221; \u017b\u00f3\u0142ty wrzesie\u0144&nbsp; Robimy soczek Warsztaty kulinarne z Ko\u0142em Gospody\u0144 Wiejskich \u201eMa\u0142y Cisiec\u201d Dzie\u0144 dyni &#8211; pomara\u0144czowy pa\u017adziernik \u201ePolskie stroje ludowe, przy\u015bpiewki i ta\u0144ce\u201d \u2013 warsztaty regionalne Koncert zespo\u0142u regionalnego \u201eMa\u0142e Cisy\u201d BR\u0104ZOWY LISTOPAD<\/p>\n","protected":false},"author":2,"featured_media":0,"parent":0,"menu_order":0,"comment_status":"closed","ping_status":"closed","template":"","meta":{"ngg_post_thumbnail":0,"footnotes":""},"class_list":["post-9204","page","type-page","status-publish","hentry"],"_links":{"self":[{"href":"https:\/\/cisiec2.e-przedszkolak.eu\/archiwum\/wp-json\/wp\/v2\/pages\/9204","targetHints":{"allow":["GET"]}}],"collection":[{"href":"https:\/\/cisiec2.e-przedszkolak.eu\/archiwum\/wp-json\/wp\/v2\/pages"}],"about":[{"href":"https:\/\/cisiec2.e-przedszkolak.eu\/archiwum\/wp-json\/wp\/v2\/types\/page"}],"author":[{"embeddable":true,"href":"https:\/\/cisiec2.e-przedszkolak.eu\/archiwum\/wp-json\/wp\/v2\/users\/2"}],"replies":[{"embeddable":true,"href":"https:\/\/cisiec2.e-przedszkolak.eu\/archiwum\/wp-json\/wp\/v2\/comments?post=9204"}],"version-history":[{"count":16,"href":"https:\/\/cisiec2.e-przedszkolak.eu\/archiwum\/wp-json\/wp\/v2\/pages\/9204\/revisions"}],"predecessor-version":[{"id":9764,"href":"https:\/\/cisiec2.e-przedszkolak.eu\/archiwum\/wp-json\/wp\/v2\/pages\/9204\/revisions\/9764"}],"wp:attachment":[{"href":"https:\/\/cisiec2.e-przedszkolak.eu\/archiwum\/wp-json\/wp\/v2\/media?parent=9204"}],"curies":[{"name":"wp","href":"https:\/\/api.w.org\/{rel}","templated":true}]}}

<ol>
<li>
<h3><a href="https://cisiec2.e-przedszkolak.eu/archiwum/po-goralsku-na-co-dzien-i-od-swieta/">Po góralsku na co dzień i od święta</a></h3>
<ol>
<li><a href="https://cisiec2.e-przedszkolak.eu/archiwum/2025/02/18/warsztaty-regionalne-goralskie-kwiaty/">Warsztaty regionalne góralskie kwiaty</a></li>
</ol>
</li>
<li>
<h3><a href="https://cisiec2.e-przedszkolak.eu/archiwum/warsztaty-rolnicze-od-nasionka-do-warzywa/">Warsztaty rolnicze: &#8222;Od nasionka do warzywa&#8221;</a></h3>
</li>
<li>
<h3><a href="https://cisiec2.e-przedszkolak.eu/archiwum/zolty-wrzesien/">Żółty wrzesień&nbsp;</a></h3>
</li>
<li>
<h3><a href="https://cisiec2.e-przedszkolak.eu/archiwum/robimy-soczek/">Robimy soczek</a></h3>
</li>
<li>
<h3><a href="https://cisiec2.e-przedszkolak.eu/archiwum/warsztaty-kulinarne-z-kolem-gospodyn-wiejskich-maly-cisiec">Warsztaty kulinarne z Kołem Gospodyń Wiejskich „Mały Cisiec”</a></h3>
</li>
<li>
<h3><a href="https://cisiec2.e-przedszkolak.eu/archiwum/2024/11/05/dzien-dyni-pomaranczowy-pazdziernik/">Dzień dyni &#8211; pomarańczowy październik</a></h3>
</li>
<li>
<h3><a href="https://cisiec2.e-przedszkolak.eu/archiwum/2024/12/02/polskie-stroje-ludowe-przyspiewki-i-tance-warsztaty-regionalne/">„</a><a href="https://cisiec2.e-przedszkolak.eu/archiwum/2024/12/02/polskie-stroje-ludowe-przyspiewki-i-tance-warsztaty-regionalne/">Polskie stroje ludowe, przyśpiewki i tańce” – warsztaty regionalne</a></h3>
</li>
<li>
<h3 class="Standard"><a href="https://cisiec2.e-przedszkolak.eu/archiwum/koncert-zespolu-regionalnego-male-cisy/">Koncert zespołu regionalnego „Małe Cisy”</a></h3>
</li>
<li>
<h3 class="Standard"><a href="https://cisiec2.e-przedszkolak.eu/archiwum/2024/12/04/brazowy-listopad/"><span style="color: #801900;">BRĄZOWY LISTOPAD</span></a></h3>
</li>
</ol>

<p>Po góralsku na co dzień i od święta Warsztaty regionalne góralskie kwiaty Warsztaty rolnicze: &#8222;Od nasionka do warzywa&#8221; Żółty wrzesień&nbsp; Robimy soczek Warsztaty kulinarne z Kołem Gospodyń Wiejskich „Mały Cisiec” Dzień dyni &#8211; pomarańczowy październik „Polskie stroje ludowe, przyśpiewki i tańce” – warsztaty regionalne Koncert zespołu regionalnego „Małe Cisy” BRĄZOWY LISTOPAD</p>
