 {"id":814,"date":"2016-03-11T20:56:38","date_gmt":"2016-03-11T19:56:38","guid":{"rendered":"http:\/\/cisiec2.e-przedszkolak.eu\/?page_id=814"},"modified":"2016-03-11T21:20:09","modified_gmt":"2016-03-11T20:20:09","slug":"do-pobrania","status":"publish","type":"page","link":"https:\/\/cisiec2.e-przedszkolak.eu\/archiwum\/do-pobrania\/","title":{"rendered":"Do pobrania"},"content":{"rendered":"<ul>\n<li>\n<h3><a href=\"http:\/\/cisiec2.e-przedszkolak.eu\/wp-content\/uploads\/2016\/03\/Oswiadczenie_o_potrzebie_zapewnienia_opieki_powyzej_7_godzin_dziennie.pdf\">O\u015bwiadczenie o potrzebie zapewnienia opieki powy\u017cej 7 godzin dziennie<\/a><\/h3>\n<\/li>\n<li>\n<h3><a href=\"http:\/\/cisiec2.e-przedszkolak.eu\/wp-content\/uploads\/2016\/03\/Oswiadczenie_o_samotnym_wychowywaniu.pdf\">O\u015bwiadczenie\u00a0o\u00a0samotnym\u00a0wychowywaniu\u00a0dziecka<\/a><\/h3>\n<\/li>\n<li>\n<h3><a href=\"http:\/\/cisiec2.e-przedszkolak.eu\/wp-content\/uploads\/2016\/03\/Oswiadczenie_o_samotnym_wychowywaniu.pdf\">O\u015bwiadczenie o ucz\u0119szczaniu rodze\u0144stwa do\u00a0przedszkola<\/a><\/h3>\n<\/li>\n<li>\n<h3><a href=\"http:\/\/Oswiadczenie_o_wielodzietnosci\">O\u015bwiadczenie o wielodzietno\u015bci<\/a><\/h3>\n<\/li>\n<li>\n<h3><a href=\"http:\/\/cisiec2.e-przedszkolak.eu\/wp-content\/uploads\/2016\/03\/Oswiadczenie_zamieszkuje_w_obwodzie_szkoly.pdf\">O\u015bwiadczenie zamieszkuje w obwodzie szko\u0142y<\/a><\/h3>\n<\/li>\n<li>\n<h3><a href=\"http:\/\/POTWIERDZENIE-kontynuacji-wych-przedszkolnego\">Potwierdzenie\u00a0kontynuacji wychowania przedszkolnego<\/a><\/h3>\n<\/li>\n<li>\n<h3><a href=\"http:\/\/cisiec2.e-przedszkolak.eu\/wp-content\/uploads\/2016\/03\/swiadczenie-pracujacy.pdf\">O\u015bwiadczenie pracuj\u0105cy<\/a><\/h3>\n<\/li>\n<li>\n<h3><a href=\"http:\/\/cisiec2.e-przedszkolak.eu\/wp-content\/uploads\/2016\/03\/wniosek-przyj_przedszkola.pdf\">Wniosek o przyj\u0119cie dziecka do przedszkola<\/a><\/h3>\n<\/li>\n<\/ul>\n<p>&nbsp;<\/p>\n<p>&nbsp;<\/p>\n","protected":false},"excerpt":{"rendered":"<p>O\u015bwiadczenie o potrzebie zapewnienia opieki powy\u017cej 7 godzin dziennie O\u015bwiadczenie\u00a0o\u00a0samotnym\u00a0wychowywaniu\u00a0dziecka O\u015bwiadczenie o ucz\u0119szczaniu rodze\u0144stwa do\u00a0przedszkola O\u015bwiadczenie o wielodzietno\u015bci O\u015bwiadczenie zamieszkuje w obwodzie szko\u0142y Potwierdzenie\u00a0kontynuacji wychowania przedszkolnego O\u015bwiadczenie pracuj\u0105cy Wniosek o przyj\u0119cie dziecka do przedszkola &nbsp; &nbsp;<\/p>\n","protected":false},"author":2,"featured_media":0,"parent":0,"menu_order":0,"comment_status":"closed","ping_status":"closed","template":"","meta":{"ngg_post_thumbnail":0,"footnotes":""},"class_list":["post-814","page","type-page","status-publish","hentry"],"_links":{"self":[{"href":"https:\/\/cisiec2.e-przedszkolak.eu\/archiwum\/wp-json\/wp\/v2\/pages\/814","targetHints":{"allow":["GET"]}}],"collection":[{"href":"https:\/\/cisiec2.e-przedszkolak.eu\/archiwum\/wp-json\/wp\/v2\/pages"}],"about":[{"href":"https:\/\/cisiec2.e-przedszkolak.eu\/archiwum\/wp-json\/wp\/v2\/types\/page"}],"author":[{"embeddable":true,"href":"https:\/\/cisiec2.e-przedszkolak.eu\/archiwum\/wp-json\/wp\/v2\/users\/2"}],"replies":[{"embeddable":true,"href":"https:\/\/cisiec2.e-przedszkolak.eu\/archiwum\/wp-json\/wp\/v2\/comments?post=814"}],"version-history":[{"count":4,"href":"https:\/\/cisiec2.e-przedszkolak.eu\/archiwum\/wp-json\/wp\/v2\/pages\/814\/revisions"}],"predecessor-version":[{"id":830,"href":"https:\/\/cisiec2.e-przedszkolak.eu\/archiwum\/wp-json\/wp\/v2\/pages\/814\/revisions\/830"}],"wp:attachment":[{"href":"https:\/\/cisiec2.e-przedszkolak.eu\/archiwum\/wp-json\/wp\/v2\/media?parent=814"}],"curies":[{"name":"wp","href":"https:\/\/api.w.org\/{rel}","templated":true}]}}

<ul>
<li>
<h3><a href="http://cisiec2.e-przedszkolak.eu/wp-content/uploads/2016/03/Oswiadczenie_o_potrzebie_zapewnienia_opieki_powyzej_7_godzin_dziennie.pdf">Oświadczenie o potrzebie zapewnienia opieki powyżej 7 godzin dziennie</a></h3>
</li>
<li>
<h3><a href="http://cisiec2.e-przedszkolak.eu/wp-content/uploads/2016/03/Oswiadczenie_o_samotnym_wychowywaniu.pdf">Oświadczenie o samotnym wychowywaniu dziecka</a></h3>
</li>
<li>
<h3><a href="http://cisiec2.e-przedszkolak.eu/wp-content/uploads/2016/03/Oswiadczenie_o_samotnym_wychowywaniu.pdf">Oświadczenie o uczęszczaniu rodzeństwa do przedszkola</a></h3>
</li>
<li>
<h3><a href="http://Oswiadczenie_o_wielodzietnosci">Oświadczenie o wielodzietności</a></h3>
</li>
<li>
<h3><a href="http://cisiec2.e-przedszkolak.eu/wp-content/uploads/2016/03/Oswiadczenie_zamieszkuje_w_obwodzie_szkoly.pdf">Oświadczenie zamieszkuje w obwodzie szkoły</a></h3>
</li>
<li>
<h3><a href="http://POTWIERDZENIE-kontynuacji-wych-przedszkolnego">Potwierdzenie kontynuacji wychowania przedszkolnego</a></h3>
</li>
<li>
<h3><a href="http://cisiec2.e-przedszkolak.eu/wp-content/uploads/2016/03/swiadczenie-pracujacy.pdf">Oświadczenie pracujący</a></h3>
</li>
<li>
<h3><a href="http://cisiec2.e-przedszkolak.eu/wp-content/uploads/2016/03/wniosek-przyj_przedszkola.pdf">Wniosek o przyjęcie dziecka do przedszkola</a></h3>
</li>
</ul>
<p>&nbsp;</p>
<p>&nbsp;</p>

<p>Oświadczenie o potrzebie zapewnienia opieki powyżej 7 godzin dziennie Oświadczenie o samotnym wychowywaniu dziecka Oświadczenie o uczęszczaniu rodzeństwa do przedszkola Oświadczenie o wielodzietności Oświadczenie zamieszkuje w obwodzie szkoły Potwierdzenie kontynuacji wychowania przedszkolnego Oświadczenie pracujący Wniosek o przyjęcie dziecka do przedszkola &nbsp; &nbsp;</p>
