 {"id":5121,"date":"2021-03-29T00:25:06","date_gmt":"2021-03-28T22:25:06","guid":{"rendered":"https:\/\/cisiec2.e-przedszkolak.eu\/?page_id=5121"},"modified":"2021-04-02T13:05:54","modified_gmt":"2021-04-02T11:05:54","slug":"deklaracja-dostepnosci","status":"publish","type":"page","link":"https:\/\/cisiec2.e-przedszkolak.eu\/archiwum\/deklaracja-dostepnosci\/","title":{"rendered":"Deklaracja dost\u0119pno\u015bci"},"content":{"rendered":"<p class=\"Textbody\" style=\"text-align: left;\" align=\"center\"><a href=\"https:\/\/cisiec2.e-przedszkolak.eu\/archiwum\/wp-content\/uploads\/2021\/04\/Deklaracja-dostepnosci-Cisiec-2.pdf\"><b><span style=\"font-family: 'Arial',sans-serif;\">Deklaracja Dost\u0119pno\u015bci <\/span><\/b><b><span style=\"font-family: 'Arial',sans-serif;\">Publiczne Przedszkole nr 2 w CI\u015aCU<\/span><\/b><\/a><\/p>\n","protected":false},"excerpt":{"rendered":"<p>Deklaracja Dost\u0119pno\u015bci Publiczne Przedszkole nr 2 w CI\u015aCU<\/p>\n","protected":false},"author":1,"featured_media":0,"parent":0,"menu_order":0,"comment_status":"closed","ping_status":"closed","template":"","meta":{"ngg_post_thumbnail":0,"footnotes":""},"class_list":["post-5121","page","type-page","status-publish","hentry"],"_links":{"self":[{"href":"https:\/\/cisiec2.e-przedszkolak.eu\/archiwum\/wp-json\/wp\/v2\/pages\/5121","targetHints":{"allow":["GET"]}}],"collection":[{"href":"https:\/\/cisiec2.e-przedszkolak.eu\/archiwum\/wp-json\/wp\/v2\/pages"}],"about":[{"href":"https:\/\/cisiec2.e-przedszkolak.eu\/archiwum\/wp-json\/wp\/v2\/types\/page"}],"author":[{"embeddable":true,"href":"https:\/\/cisiec2.e-przedszkolak.eu\/archiwum\/wp-json\/wp\/v2\/users\/1"}],"replies":[{"embeddable":true,"href":"https:\/\/cisiec2.e-przedszkolak.eu\/archiwum\/wp-json\/wp\/v2\/comments?post=5121"}],"version-history":[{"count":3,"href":"https:\/\/cisiec2.e-przedszkolak.eu\/archiwum\/wp-json\/wp\/v2\/pages\/5121\/revisions"}],"predecessor-version":[{"id":5143,"href":"https:\/\/cisiec2.e-przedszkolak.eu\/archiwum\/wp-json\/wp\/v2\/pages\/5121\/revisions\/5143"}],"wp:attachment":[{"href":"https:\/\/cisiec2.e-przedszkolak.eu\/archiwum\/wp-json\/wp\/v2\/media?parent=5121"}],"curies":[{"name":"wp","href":"https:\/\/api.w.org\/{rel}","templated":true}]}}

Deklaracja dostępności

<p class="Textbody" style="text-align: left;" align="center"><a href="https://cisiec2.e-przedszkolak.eu/archiwum/wp-content/uploads/2021/04/Deklaracja-dostepnosci-Cisiec-2.pdf"><b><span style="font-family: 'Arial',sans-serif;">Deklaracja Dostępności </span></b><b><span style="font-family: 'Arial',sans-serif;">Publiczne Przedszkole nr 2 w CIŚCU</span></b></a></p>

<p>Deklaracja Dostępności Publiczne Przedszkole nr 2 w CIŚCU</p>
