 {"id":39,"date":"2015-12-14T23:32:00","date_gmt":"2015-12-14T22:32:00","guid":{"rendered":"http:\/\/cisiec2.e-przedszkolak.eu\/?page_id=39"},"modified":"2016-01-08T23:23:14","modified_gmt":"2016-01-08T22:23:14","slug":"misja-przedszkola","status":"publish","type":"page","link":"https:\/\/cisiec2.e-przedszkolak.eu\/archiwum\/misja-przedszkola\/","title":{"rendered":"Misja przedszkola"},"content":{"rendered":"<p>&nbsp;<\/p>\n<h2 style=\"text-align: center;\"><span style=\"font-size: large;\">,, TAK NAPRAWD\u0118 TO S\u0104 TYLKO DWIE RZECZY , W KT\u00d3RE MO\u017bNA WYPOSA\u017bY\u0106 DZIECI ; PIERWSZ\u0104 S\u0104 KORZENIE , DRUGA SKRZYD\u0141A \u2026\u2019\u2019<\/span><\/h2>\n<p>&nbsp;<\/p>\n<h4><span style=\"text-decoration: underline;\"><strong>Cele og\u00f3lne funkcjonowania Przedszkola Publicznego nr 2 w Ci\u015bcu :<\/strong><\/span><\/h4>\n<ol>\n<li>\n<h4 style=\"text-align: justify;\">Przedszkole tworzy procesy indywidualnego wspomagania rozwoju i edukacji do potrzeb i mo\u017cliwo\u015bci dziecka.<\/h4>\n<\/li>\n<li style=\"text-align: justify;\">\n<h4>Dziecko jest aktywne i tw\u00f3rcze w nabywaniu wiadomo\u015bci i umiej\u0119tno\u015bci oraz postaw , zgodnie z podstaw\u0105 programow\u0105.<\/h4>\n<\/li>\n<li style=\"text-align: justify;\">\n<h4>Procesy zachodz\u0105ce w przedszkolu zapewniaj\u0105 rozw\u00f3j dziecka.<\/h4>\n<\/li>\n<li style=\"text-align: justify;\">\n<h4>Przedszkole jest integralnym elementem \u015brodowiska , w kt\u00f3rym dzia\u0142a. Wsp\u00f3\u0142pracuje z nim na rzecz rozwoju w\u0142asnego i lokalnego.<\/h4>\n<\/li>\n<li style=\"text-align: justify;\">\n<h4>Zarz\u0105dzanie przedszkolem zapewnia jego sprawne funkcjonowanie i jest zgodne z przepisami prawa, polityk\u0105 o\u015bwiatow\u0105 pa\u0144stwa i koncepcj\u0105 rozwoju.<\/h4>\n<\/li>\n<li>\n<h4 style=\"text-align: justify;\">Przedszkole monitoruje i doskonali efekty swojej pracy.<\/h4>\n<\/li>\n<li>\n<h4 style=\"text-align: justify;\">Przedszkole kieruje si\u0119 najistotniejszymi zasadami wychowania przedszkolnego:<\/h4>\n<h4>&#8211; zasad\u0119 zaspokajania potrzeb dziecka<br \/>\n&#8211; zasad\u0119 aktywno\u015bci<br \/>\n&#8211; zasad\u0119 indywidualizacji<br \/>\n&#8211; zasad\u0119 organizowania \u017cycia spo\u0142ecznego<br \/>\n&#8211; zasad\u0119 integracji<\/h4>\n<\/li>\n<li>\n<h4>Przedszkole dba o rozw\u00f3j intelektualny dziecka , kszta\u0142cenie proces\u00f3w poznawczych i doskonalenie kompetencji komunikowania si\u0119.<\/h4>\n<\/li>\n<\/ol>\n","protected":false},"excerpt":{"rendered":"<p>&nbsp; ,, TAK NAPRAWD\u0118 TO S\u0104 TYLKO DWIE RZECZY , W KT\u00d3RE MO\u017bNA WYPOSA\u017bY\u0106 DZIECI ; PIERWSZ\u0104 S\u0104 KORZENIE , DRUGA SKRZYD\u0141A \u2026\u2019\u2019 &nbsp; Cele og\u00f3lne funkcjonowania Przedszkola Publicznego nr 2 w Ci\u015bcu : Przedszkole tworzy procesy indywidualnego wspomagania rozwoju i edukacji do potrzeb i mo\u017cliwo\u015bci dziecka. Dziecko jest aktywne i tw\u00f3rcze w nabywaniu wiadomo\u015bci [&hellip;]<\/p>\n","protected":false},"author":1,"featured_media":0,"parent":0,"menu_order":0,"comment_status":"closed","ping_status":"closed","template":"","meta":{"ngg_post_thumbnail":0,"footnotes":""},"class_list":["post-39","page","type-page","status-publish","hentry"],"_links":{"self":[{"href":"https:\/\/cisiec2.e-przedszkolak.eu\/archiwum\/wp-json\/wp\/v2\/pages\/39","targetHints":{"allow":["GET"]}}],"collection":[{"href":"https:\/\/cisiec2.e-przedszkolak.eu\/archiwum\/wp-json\/wp\/v2\/pages"}],"about":[{"href":"https:\/\/cisiec2.e-przedszkolak.eu\/archiwum\/wp-json\/wp\/v2\/types\/page"}],"author":[{"embeddable":true,"href":"https:\/\/cisiec2.e-przedszkolak.eu\/archiwum\/wp-json\/wp\/v2\/users\/1"}],"replies":[{"embeddable":true,"href":"https:\/\/cisiec2.e-przedszkolak.eu\/archiwum\/wp-json\/wp\/v2\/comments?post=39"}],"version-history":[{"count":18,"href":"https:\/\/cisiec2.e-przedszkolak.eu\/archiwum\/wp-json\/wp\/v2\/pages\/39\/revisions"}],"predecessor-version":[{"id":267,"href":"https:\/\/cisiec2.e-przedszkolak.eu\/archiwum\/wp-json\/wp\/v2\/pages\/39\/revisions\/267"}],"wp:attachment":[{"href":"https:\/\/cisiec2.e-przedszkolak.eu\/archiwum\/wp-json\/wp\/v2\/media?parent=39"}],"curies":[{"name":"wp","href":"https:\/\/api.w.org\/{rel}","templated":true}]}}

<p>&nbsp;</p>
<h2 style="text-align: center;"><span style="font-size: large;">,, TAK NAPRAWDĘ TO SĄ TYLKO DWIE RZECZY , W KTÓRE MOŻNA WYPOSAŻYĆ DZIECI ; PIERWSZĄ SĄ KORZENIE , DRUGA SKRZYDŁA …’’</span></h2>
<p>&nbsp;</p>
<h4><span style="text-decoration: underline;"><strong>Cele ogólne funkcjonowania Przedszkola Publicznego nr 2 w Ciścu :</strong></span></h4>
<ol>
<li>
<h4 style="text-align: justify;">Przedszkole tworzy procesy indywidualnego wspomagania rozwoju i edukacji do potrzeb i możliwości dziecka.</h4>
</li>
<li style="text-align: justify;">
<h4>Dziecko jest aktywne i twórcze w nabywaniu wiadomości i umiejętności oraz postaw , zgodnie z podstawą programową.</h4>
</li>
<li style="text-align: justify;">
<h4>Procesy zachodzące w przedszkolu zapewniają rozwój dziecka.</h4>
</li>
<li style="text-align: justify;">
<h4>Przedszkole jest integralnym elementem środowiska , w którym działa. Współpracuje z nim na rzecz rozwoju własnego i lokalnego.</h4>
</li>
<li style="text-align: justify;">
<h4>Zarządzanie przedszkolem zapewnia jego sprawne funkcjonowanie i jest zgodne z przepisami prawa, polityką oświatową państwa i koncepcją rozwoju.</h4>
</li>
<li>
<h4 style="text-align: justify;">Przedszkole monitoruje i doskonali efekty swojej pracy.</h4>
</li>
<li>
<h4 style="text-align: justify;">Przedszkole kieruje się najistotniejszymi zasadami wychowania przedszkolnego:</h4>
<h4>&#8211; zasadę zaspokajania potrzeb dziecka<br />
&#8211; zasadę aktywności<br />
&#8211; zasadę indywidualizacji<br />
&#8211; zasadę organizowania życia społecznego<br />
&#8211; zasadę integracji</h4>
</li>
<li>
<h4>Przedszkole dba o rozwój intelektualny dziecka , kształcenie procesów poznawczych i doskonalenie kompetencji komunikowania się.</h4>
</li>
</ol>

<p>&nbsp; ,, TAK NAPRAWDĘ TO SĄ TYLKO DWIE RZECZY , W KTÓRE MOŻNA WYPOSAŻYĆ DZIECI ; PIERWSZĄ SĄ KORZENIE , DRUGA SKRZYDŁA …’’ &nbsp; Cele ogólne funkcjonowania Przedszkola Publicznego nr 2 w Ciścu : Przedszkole tworzy procesy indywidualnego wspomagania rozwoju i edukacji do potrzeb i możliwości dziecka. Dziecko jest aktywne i twórcze w nabywaniu wiadomości [&hellip;]</p>
