 {"id":26,"date":"2015-12-14T23:30:41","date_gmt":"2015-12-14T22:30:41","guid":{"rendered":"http:\/\/cisiec2.e-przedszkolak.eu\/?page_id=26"},"modified":"2025-03-16T00:23:43","modified_gmt":"2025-03-15T23:23:43","slug":"zajecia-i-programy","status":"publish","type":"page","link":"https:\/\/cisiec2.e-przedszkolak.eu\/archiwum\/zajecia-i-programy\/","title":{"rendered":"Organizacja"},"content":{"rendered":"<p>&nbsp;<\/p>\n<ul>\n<li>\n<h2><a href=\"https:\/\/cisiec2.e-przedszkolak.eu\/archiwum\/wp-content\/uploads\/2015\/12\/Ramowy-rozk\u0142ad-dnia-dla-grup-3-i-4.pdf\"><em>Ramowy rozk\u0142ad dnia dla grup 3 i 4-latk\u00f3w<\/em><\/a><\/h2>\n<\/li>\n<li>\n<h2><a href=\"https:\/\/cisiec2.e-przedszkolak.eu\/archiwum\/wp-content\/uploads\/2015\/12\/Ramowy-rozk\u0142ad-dnia-dla-grup-5-i-6.pdf\"><em>Ramowy rozk\u0142ad dnia dla grup 5 i 6-latk\u00f3w<\/em><\/a><\/h2>\n<\/li>\n<li>\n<h2><a href=\"https:\/\/cisiec2.e-przedszkolak.eu\/archiwum\/wp-content\/uploads\/2024\/09\/Zajecia-i-programy-w-przedszkolu-.pdf\">Programy i zaj\u0119cia w przedszkolu<\/a><\/h2>\n<\/li>\n<li>\n<h2><a href=\"https:\/\/cisiec2.e-przedszkolak.eu\/archiwum\/wp-content\/uploads\/2025\/03\/Statut_2025.pdf\">Statut przedszkola<\/a><\/h2>\n<\/li>\n<\/ul>\n<p>&nbsp;<\/p>\n","protected":false},"excerpt":{"rendered":"<p>&nbsp; Ramowy rozk\u0142ad dnia dla grup 3 i 4-latk\u00f3w Ramowy rozk\u0142ad dnia dla grup 5 i 6-latk\u00f3w Programy i zaj\u0119cia w przedszkolu Statut przedszkola &nbsp;<\/p>\n","protected":false},"author":1,"featured_media":0,"parent":0,"menu_order":0,"comment_status":"closed","ping_status":"closed","template":"","meta":{"ngg_post_thumbnail":0,"footnotes":""},"class_list":["post-26","page","type-page","status-publish","hentry"],"_links":{"self":[{"href":"https:\/\/cisiec2.e-przedszkolak.eu\/archiwum\/wp-json\/wp\/v2\/pages\/26","targetHints":{"allow":["GET"]}}],"collection":[{"href":"https:\/\/cisiec2.e-przedszkolak.eu\/archiwum\/wp-json\/wp\/v2\/pages"}],"about":[{"href":"https:\/\/cisiec2.e-przedszkolak.eu\/archiwum\/wp-json\/wp\/v2\/types\/page"}],"author":[{"embeddable":true,"href":"https:\/\/cisiec2.e-przedszkolak.eu\/archiwum\/wp-json\/wp\/v2\/users\/1"}],"replies":[{"embeddable":true,"href":"https:\/\/cisiec2.e-przedszkolak.eu\/archiwum\/wp-json\/wp\/v2\/comments?post=26"}],"version-history":[{"count":19,"href":"https:\/\/cisiec2.e-przedszkolak.eu\/archiwum\/wp-json\/wp\/v2\/pages\/26\/revisions"}],"predecessor-version":[{"id":9801,"href":"https:\/\/cisiec2.e-przedszkolak.eu\/archiwum\/wp-json\/wp\/v2\/pages\/26\/revisions\/9801"}],"wp:attachment":[{"href":"https:\/\/cisiec2.e-przedszkolak.eu\/archiwum\/wp-json\/wp\/v2\/media?parent=26"}],"curies":[{"name":"wp","href":"https:\/\/api.w.org\/{rel}","templated":true}]}}

<p>&nbsp;</p>
<ul>
<li>
<h2><a href="https://cisiec2.e-przedszkolak.eu/archiwum/wp-content/uploads/2015/12/Ramowy-rozkład-dnia-dla-grup-3-i-4.pdf"><em>Ramowy rozkład dnia dla grup 3 i 4-latków</em></a></h2>
</li>
<li>
<h2><a href="https://cisiec2.e-przedszkolak.eu/archiwum/wp-content/uploads/2015/12/Ramowy-rozkład-dnia-dla-grup-5-i-6.pdf"><em>Ramowy rozkład dnia dla grup 5 i 6-latków</em></a></h2>
</li>
<li>
<h2><a href="https://cisiec2.e-przedszkolak.eu/archiwum/wp-content/uploads/2024/09/Zajecia-i-programy-w-przedszkolu-.pdf">Programy i zajęcia w przedszkolu</a></h2>
</li>
<li>
<h2><a href="https://cisiec2.e-przedszkolak.eu/archiwum/wp-content/uploads/2025/03/Statut_2025.pdf">Statut przedszkola</a></h2>
</li>
</ul>
<p>&nbsp;</p>

<p>&nbsp; Ramowy rozkład dnia dla grup 3 i 4-latków Ramowy rozkład dnia dla grup 5 i 6-latków Programy i zajęcia w przedszkolu Statut przedszkola &nbsp;</p>
