 {"id":24,"date":"2015-12-14T23:30:26","date_gmt":"2015-12-14T22:30:26","guid":{"rendered":"http:\/\/cisiec2.e-przedszkolak.eu\/?page_id=24"},"modified":"2024-09-26T18:39:54","modified_gmt":"2024-09-26T16:39:54","slug":"dla-rodzicow","status":"publish","type":"page","link":"https:\/\/cisiec2.e-przedszkolak.eu\/archiwum\/dla-rodzicow\/","title":{"rendered":"K\u0105cik dla rodzica"},"content":{"rendered":"<p><u>Rada Rodzic\u00f3w&nbsp; Przedszkola nr 2 w Ci\u015bcu:<\/u><\/p>\n<p><strong>Przewodnicz\u0105cy: Marzena Kurowska<\/strong><\/p>\n<p><strong>Z-ca przewodnicz\u0105cego: Adriana Biegun<\/strong><\/p>\n<p><strong>Skarbnik: Anna Ma\u015blanka<\/strong><\/p>\n<p><strong>Sekretarz: Ma\u0142gorzata Duraj<\/strong><\/p>\n<p><strong>Cz\u0142onkowie: Paulina Byrtek, Izabela Wojty\u0142a<\/strong><\/p>\n<hr>\n<h3><span style=\"text-decoration: underline;\">Metody i formy pracy w przedszkolu <a href=\"https:\/\/cisiec2.e-przedszkolak.eu\/archiwum\/wp-content\/uploads\/2019\/12\/Metody-i-formy-pracy-w-przedszkolu.pdf\">(PDF 236 KB)<\/a><\/span><\/h3>\n<h3><span style=\"text-decoration: underline;\">Programy i zaj\u0119cia w przedszkolu <a href=\"https:\/\/cisiec2.e-przedszkolak.eu\/archiwum\/wp-content\/uploads\/2024\/09\/Zajecia-i-programy-w-przedszkolu-.pdf\">(PDF 124 KB)<\/a><\/span><\/h3>\n","protected":false},"excerpt":{"rendered":"<p>Rada Rodzic\u00f3w&nbsp; Przedszkola nr 2 w Ci\u015bcu: Przewodnicz\u0105cy: Marzena Kurowska Z-ca przewodnicz\u0105cego: Adriana Biegun Skarbnik: Anna Ma\u015blanka Sekretarz: Ma\u0142gorzata Duraj Cz\u0142onkowie: Paulina Byrtek, Izabela Wojty\u0142a Metody i formy pracy w przedszkolu (PDF 236 KB) Programy i zaj\u0119cia w przedszkolu (PDF 124 KB)<\/p>\n","protected":false},"author":1,"featured_media":0,"parent":0,"menu_order":0,"comment_status":"closed","ping_status":"closed","template":"","meta":{"ngg_post_thumbnail":0,"footnotes":""},"class_list":["post-24","page","type-page","status-publish","hentry"],"_links":{"self":[{"href":"https:\/\/cisiec2.e-przedszkolak.eu\/archiwum\/wp-json\/wp\/v2\/pages\/24","targetHints":{"allow":["GET"]}}],"collection":[{"href":"https:\/\/cisiec2.e-przedszkolak.eu\/archiwum\/wp-json\/wp\/v2\/pages"}],"about":[{"href":"https:\/\/cisiec2.e-przedszkolak.eu\/archiwum\/wp-json\/wp\/v2\/types\/page"}],"author":[{"embeddable":true,"href":"https:\/\/cisiec2.e-przedszkolak.eu\/archiwum\/wp-json\/wp\/v2\/users\/1"}],"replies":[{"embeddable":true,"href":"https:\/\/cisiec2.e-przedszkolak.eu\/archiwum\/wp-json\/wp\/v2\/comments?post=24"}],"version-history":[{"count":30,"href":"https:\/\/cisiec2.e-przedszkolak.eu\/archiwum\/wp-json\/wp\/v2\/pages\/24\/revisions"}],"predecessor-version":[{"id":9210,"href":"https:\/\/cisiec2.e-przedszkolak.eu\/archiwum\/wp-json\/wp\/v2\/pages\/24\/revisions\/9210"}],"wp:attachment":[{"href":"https:\/\/cisiec2.e-przedszkolak.eu\/archiwum\/wp-json\/wp\/v2\/media?parent=24"}],"curies":[{"name":"wp","href":"https:\/\/api.w.org\/{rel}","templated":true}]}}

Kącik dla rodzica

<p><u>Rada Rodziców&nbsp; Przedszkola nr 2 w Ciścu:</u></p>
<p><strong>Przewodniczący: Marzena Kurowska</strong></p>
<p><strong>Z-ca przewodniczącego: Adriana Biegun</strong></p>
<p><strong>Skarbnik: Anna Maślanka</strong></p>
<p><strong>Sekretarz: Małgorzata Duraj</strong></p>
<p><strong>Członkowie: Paulina Byrtek, Izabela Wojtyła</strong></p>
<hr>
<h3><span style="text-decoration: underline;">Metody i formy pracy w przedszkolu <a href="https://cisiec2.e-przedszkolak.eu/archiwum/wp-content/uploads/2019/12/Metody-i-formy-pracy-w-przedszkolu.pdf">(PDF 236 KB)</a></span></h3>
<h3><span style="text-decoration: underline;">Programy i zajęcia w przedszkolu <a href="https://cisiec2.e-przedszkolak.eu/archiwum/wp-content/uploads/2024/09/Zajecia-i-programy-w-przedszkolu-.pdf">(PDF 124 KB)</a></span></h3>

<p>Rada Rodziców&nbsp; Przedszkola nr 2 w Ciścu: Przewodniczący: Marzena Kurowska Z-ca przewodniczącego: Adriana Biegun Skarbnik: Anna Maślanka Sekretarz: Małgorzata Duraj Członkowie: Paulina Byrtek, Izabela Wojtyła Metody i formy pracy w przedszkolu (PDF 236 KB) Programy i zajęcia w przedszkolu (PDF 124 KB)</p>
