 {"id":1974,"date":"2017-03-04T21:38:45","date_gmt":"2017-03-04T20:38:45","guid":{"rendered":"http:\/\/cisiec2.e-przedszkolak.eu\/?page_id=1974"},"modified":"2025-02-18T16:23:41","modified_gmt":"2025-02-18T15:23:41","slug":"rekrutacja","status":"publish","type":"page","link":"https:\/\/cisiec2.e-przedszkolak.eu\/archiwum\/rekrutacja\/","title":{"rendered":"Rekrutacja"},"content":{"rendered":"<h2 style=\"text-align: center;\"><span style=\"color: #ff0000;\">OG\u0141OSZENIE<\/span><\/h2>\n<p><strong>DYREKTOR PRZEDSZKOLA NR 2 W CI\u015aCU &nbsp;OG\u0141ASZA :<\/strong><\/p>\n<p><strong>ZAPISY DZIECI W WIEKU OD 3 DO 6 LAT, DO PRZEDSZKOLA &nbsp;NR 2 W CI\u015aCU NA ROK SZKOLNY 2025\/26 .<\/strong><\/p>\n<p>&nbsp;ZAPIS\u00d3W MO\u017bNA DOKONA\u0106&nbsp;<strong><u>OD 03.03 .2025&nbsp;&nbsp; DO 14.03.2025<\/u> &nbsp;<\/strong>&nbsp;W BUDYNKU PRZEDSZKOLA.<\/p>\n<p>DZIECI OBECNIE UCZ\u0118SZCZAJ\u0104CE DO PRZEDSZKOLA WYPE\u0141NIAJ\u0104 POTWIERDZENIE WOLI KONTYNUACJI EDUKACJI PRZEDSZKOLNEJ W TERMINIE <strong>OD 03.03.2025 &nbsp;DO DNIA &nbsp;&nbsp;14.03.2025 <\/strong>&nbsp;(druki u wychowawc\u00f3w lub na stronie internetowej poni\u017cej.)<\/p>\n<p><em>Pobrane wnioski, o\u015bwiadczenia &nbsp;i potwierdzenia &nbsp;woli nale\u017cy zwr\u00f3ci\u0107 w wyznaczonym terminie wraz z dokumentami potwierdzaj\u0105cymi spe\u0142nienie przez kandydata warunk\u00f3w lub kryteri\u00f3w branych pod uwag\u0119 w post\u0119powaniu rekrutacyjnym<\/em><\/p>\n<p>Wnioski i deklaracje oddane po terminie &nbsp;lub wype\u0142nione b\u0142\u0119dnie nie b\u0119d\u0105 rozpatrywane przez Komisj\u0119&nbsp; Rekrutacyjn\u0105<\/p>\n<p><strong>Pierwsze\u0144<\/strong><strong>stwo w czasie zapis\u00f3w maj\u0105 dzieci zameldowane w CI\u015aCU .<\/strong><\/p>\n<p><strong>Kolejno\u015b\u0107 sk\u0142adania wniosk\u00f3w nie ma&nbsp; znaczenia dla komisji rekrutacyjnej.<\/strong><\/p>\n<p><strong>Informacja dyrektora:<\/strong><\/p>\n<ol>\n<li>Oddzia\u0142 popo\u0142udniowy&nbsp; organizowany jest tylko dla dzieci rodzic\u00f3w&nbsp; obojga pracuj\u0105cych .<\/li>\n<li>Rodzice dzieci zapisywanych&nbsp;&nbsp; na oddzia\u0142&nbsp; popo\u0142udniowy&nbsp; zobowi\u0105zani s\u0105 do z\u0142o\u017cenia za\u015bwiadczenia o zatrudnieniu .<\/li>\n<li>Dyrektor Przedszkola nr 2 w Ci\u015bcu &nbsp;informuje, \u017ce o\u015bwiadczenia o zatrudnieniu budz\u0105ce w\u0105tpliwo\u015b\u0107 komisji b\u0119d\u0105 weryfikowane w Urz\u0119dzie Skarbowym.<\/li>\n<\/ol>\n<p>&nbsp;<\/p>\n<p style=\"text-align: right;\">&nbsp;&nbsp;&nbsp;&nbsp;&nbsp;&nbsp;&nbsp;&nbsp;&nbsp;&nbsp;&nbsp;&nbsp;&nbsp;&nbsp;&nbsp;&nbsp;&nbsp;&nbsp;&nbsp;&nbsp;&nbsp;&nbsp;&nbsp;&nbsp;&nbsp;&nbsp;&nbsp;&nbsp;&nbsp;&nbsp;&nbsp;&nbsp;&nbsp;&nbsp;&nbsp;&nbsp;&nbsp;&nbsp;&nbsp;&nbsp;&nbsp;&nbsp;&nbsp;&nbsp;&nbsp;&nbsp;&nbsp;&nbsp;&nbsp;&nbsp;&nbsp;&nbsp;&nbsp;&nbsp;&nbsp;&nbsp;&nbsp;&nbsp;&nbsp;&nbsp;&nbsp;&nbsp;&nbsp;&nbsp;&nbsp;&nbsp;&nbsp;&nbsp;&nbsp;&nbsp;&nbsp; Danuta Kalfas \u2013Dyrektor Przedszkola&nbsp;<\/p>\n<h3>&nbsp;<\/h3>\n<h3>Dokumenty do pobrania:<\/h3>\n<ul>\n<li>\n<h3><a href=\"https:\/\/cisiec2.e-przedszkolak.eu\/archiwum\/wp-content\/uploads\/2025\/02\/Rekrutacja-2025.pdf\">Rekrutacja<\/a><\/h3>\n<\/li>\n<li>\n<h3><a href=\"https:\/\/cisiec2.e-przedszkolak.eu\/archiwum\/wp-content\/uploads\/2025\/02\/wniosek-przyj_przedszkola-2025.pdf\">Wniosek o przyj\u0119cie dziecka<\/a><\/h3>\n<\/li>\n<li>\n<h3><a style=\"font-size: 16px;\" href=\"https:\/\/cisiec2.e-przedszkolak.eu\/archiwum\/wp-content\/uploads\/2025\/02\/Oswiadczenia-2025.pdf\">O\u015bwiadczenia<\/a><\/h3>\n<\/li>\n<\/ul>\n<h2>&nbsp;<\/h2>\n<p style=\"text-align: right;\">&nbsp;<\/p>\n","protected":false},"excerpt":{"rendered":"<p>OG\u0141OSZENIE DYREKTOR PRZEDSZKOLA NR 2 W CI\u015aCU &nbsp;OG\u0141ASZA : ZAPISY DZIECI W WIEKU OD 3 DO 6 LAT, DO PRZEDSZKOLA &nbsp;NR 2 W CI\u015aCU NA ROK SZKOLNY 2025\/26 . &nbsp;ZAPIS\u00d3W MO\u017bNA DOKONA\u0106&nbsp;OD 03.03 .2025&nbsp;&nbsp; DO 14.03.2025 &nbsp;&nbsp;W BUDYNKU PRZEDSZKOLA. DZIECI OBECNIE UCZ\u0118SZCZAJ\u0104CE DO PRZEDSZKOLA WYPE\u0141NIAJ\u0104 POTWIERDZENIE WOLI KONTYNUACJI EDUKACJI PRZEDSZKOLNEJ W TERMINIE OD 03.03.2025 &nbsp;DO [&hellip;]<\/p>\n","protected":false},"author":2,"featured_media":0,"parent":0,"menu_order":0,"comment_status":"closed","ping_status":"closed","template":"","meta":{"ngg_post_thumbnail":0,"footnotes":""},"class_list":["post-1974","page","type-page","status-publish","hentry"],"_links":{"self":[{"href":"https:\/\/cisiec2.e-przedszkolak.eu\/archiwum\/wp-json\/wp\/v2\/pages\/1974","targetHints":{"allow":["GET"]}}],"collection":[{"href":"https:\/\/cisiec2.e-przedszkolak.eu\/archiwum\/wp-json\/wp\/v2\/pages"}],"about":[{"href":"https:\/\/cisiec2.e-przedszkolak.eu\/archiwum\/wp-json\/wp\/v2\/types\/page"}],"author":[{"embeddable":true,"href":"https:\/\/cisiec2.e-przedszkolak.eu\/archiwum\/wp-json\/wp\/v2\/users\/2"}],"replies":[{"embeddable":true,"href":"https:\/\/cisiec2.e-przedszkolak.eu\/archiwum\/wp-json\/wp\/v2\/comments?post=1974"}],"version-history":[{"count":39,"href":"https:\/\/cisiec2.e-przedszkolak.eu\/archiwum\/wp-json\/wp\/v2\/pages\/1974\/revisions"}],"predecessor-version":[{"id":9748,"href":"https:\/\/cisiec2.e-przedszkolak.eu\/archiwum\/wp-json\/wp\/v2\/pages\/1974\/revisions\/9748"}],"wp:attachment":[{"href":"https:\/\/cisiec2.e-przedszkolak.eu\/archiwum\/wp-json\/wp\/v2\/media?parent=1974"}],"curies":[{"name":"wp","href":"https:\/\/api.w.org\/{rel}","templated":true}]}}

<h2 style="text-align: center;"><span style="color: #ff0000;">OGŁOSZENIE</span></h2>
<p><strong>DYREKTOR PRZEDSZKOLA NR 2 W CIŚCU &nbsp;OGŁASZA :</strong></p>
<p><strong>ZAPISY DZIECI W WIEKU OD 3 DO 6 LAT, DO PRZEDSZKOLA &nbsp;NR 2 W CIŚCU NA ROK SZKOLNY 2025/26 .</strong></p>
<p>&nbsp;ZAPISÓW MOŻNA DOKONAĆ&nbsp;<strong><u>OD 03.03 .2025&nbsp;&nbsp; DO 14.03.2025</u> &nbsp;</strong>&nbsp;W BUDYNKU PRZEDSZKOLA.</p>
<p>DZIECI OBECNIE UCZĘSZCZAJĄCE DO PRZEDSZKOLA WYPEŁNIAJĄ POTWIERDZENIE WOLI KONTYNUACJI EDUKACJI PRZEDSZKOLNEJ W TERMINIE <strong>OD 03.03.2025 &nbsp;DO DNIA &nbsp;&nbsp;14.03.2025 </strong>&nbsp;(druki u wychowawców lub na stronie internetowej poniżej.)</p>
<p><em>Pobrane wnioski, oświadczenia &nbsp;i potwierdzenia &nbsp;woli należy zwrócić w wyznaczonym terminie wraz z dokumentami potwierdzającymi spełnienie przez kandydata warunków lub kryteriów branych pod uwagę w postępowaniu rekrutacyjnym</em></p>
<p>Wnioski i deklaracje oddane po terminie &nbsp;lub wypełnione błędnie nie będą rozpatrywane przez Komisję&nbsp; Rekrutacyjną</p>
<p><strong>Pierwszeń</strong><strong>stwo w czasie zapisów mają dzieci zameldowane w CIŚCU .</strong></p>
<p><strong>Kolejność składania wniosków nie ma&nbsp; znaczenia dla komisji rekrutacyjnej.</strong></p>
<p><strong>Informacja dyrektora:</strong></p>
<ol>
<li>Oddział popołudniowy&nbsp; organizowany jest tylko dla dzieci rodziców&nbsp; obojga pracujących .</li>
<li>Rodzice dzieci zapisywanych&nbsp;&nbsp; na oddział&nbsp; popołudniowy&nbsp; zobowiązani są do złożenia zaświadczenia o zatrudnieniu .</li>
<li>Dyrektor Przedszkola nr 2 w Ciścu &nbsp;informuje, że oświadczenia o zatrudnieniu budzące wątpliwość komisji będą weryfikowane w Urzędzie Skarbowym.</li>
</ol>
<p>&nbsp;</p>
<p style="text-align: right;">&nbsp;&nbsp;&nbsp;&nbsp;&nbsp;&nbsp;&nbsp;&nbsp;&nbsp;&nbsp;&nbsp;&nbsp;&nbsp;&nbsp;&nbsp;&nbsp;&nbsp;&nbsp;&nbsp;&nbsp;&nbsp;&nbsp;&nbsp;&nbsp;&nbsp;&nbsp;&nbsp;&nbsp;&nbsp;&nbsp;&nbsp;&nbsp;&nbsp;&nbsp;&nbsp;&nbsp;&nbsp;&nbsp;&nbsp;&nbsp;&nbsp;&nbsp;&nbsp;&nbsp;&nbsp;&nbsp;&nbsp;&nbsp;&nbsp;&nbsp;&nbsp;&nbsp;&nbsp;&nbsp;&nbsp;&nbsp;&nbsp;&nbsp;&nbsp;&nbsp;&nbsp;&nbsp;&nbsp;&nbsp;&nbsp;&nbsp;&nbsp;&nbsp;&nbsp;&nbsp;&nbsp; Danuta Kalfas –Dyrektor Przedszkola&nbsp;</p>
<h3>&nbsp;</h3>
<h3>Dokumenty do pobrania:</h3>
<ul>
<li>
<h3><a href="https://cisiec2.e-przedszkolak.eu/archiwum/wp-content/uploads/2025/02/Rekrutacja-2025.pdf">Rekrutacja</a></h3>
</li>
<li>
<h3><a href="https://cisiec2.e-przedszkolak.eu/archiwum/wp-content/uploads/2025/02/wniosek-przyj_przedszkola-2025.pdf">Wniosek o przyjęcie dziecka</a></h3>
</li>
<li>
<h3><a style="font-size: 16px;" href="https://cisiec2.e-przedszkolak.eu/archiwum/wp-content/uploads/2025/02/Oswiadczenia-2025.pdf">Oświadczenia</a></h3>
</li>
</ul>
<h2>&nbsp;</h2>
<p style="text-align: right;">&nbsp;</p>

<p>OGŁOSZENIE DYREKTOR PRZEDSZKOLA NR 2 W CIŚCU &nbsp;OGŁASZA : ZAPISY DZIECI W WIEKU OD 3 DO 6 LAT, DO PRZEDSZKOLA &nbsp;NR 2 W CIŚCU NA ROK SZKOLNY 2025/26 . &nbsp;ZAPISÓW MOŻNA DOKONAĆ&nbsp;OD 03.03 .2025&nbsp;&nbsp; DO 14.03.2025 &nbsp;&nbsp;W BUDYNKU PRZEDSZKOLA. DZIECI OBECNIE UCZĘSZCZAJĄCE DO PRZEDSZKOLA WYPEŁNIAJĄ POTWIERDZENIE WOLI KONTYNUACJI EDUKACJI PRZEDSZKOLNEJ W TERMINIE OD 03.03.2025 &nbsp;DO [&hellip;]</p>
