 {"id":16,"date":"2015-12-14T23:29:14","date_gmt":"2015-12-14T22:29:14","guid":{"rendered":"http:\/\/cisiec2.e-przedszkolak.eu\/?page_id=16"},"modified":"2024-09-26T18:44:21","modified_gmt":"2024-09-26T16:44:21","slug":"kadra","status":"publish","type":"page","link":"https:\/\/cisiec2.e-przedszkolak.eu\/archiwum\/kadra\/","title":{"rendered":"Kadra"},"content":{"rendered":"<h2><em><strong>Dyrektor przedszkola: mgr Wioleta Pawlus<\/strong><\/em><\/h2>\n<h3>&nbsp;<\/h3>\n<h3><span style=\"text-decoration: underline;\"><em><strong>Nauczyciele:<\/strong><\/em><\/span><\/h3>\n<ul>\n<li>Wychowawca grupy BIEDRONKI ( 5 \u2013 6 latki): mgr El\u017cbieta Wojty\u0142a<\/li>\n<li>Wychowawca grupy MOTYLKI ( 3-4 latki), nauczyciel j\u0119zyka angielskiego : mgr Justyna Kalfas<\/li>\n<li>Wychowawca grupy popo\u0142udniowej, pedagog: mgr Alicja Zawada<\/li>\n<li>Nauczyciel grupy popo\u0142udniowej: mgr Danuta Kalfas<\/li>\n<li>Nauczyciel wspomagaj\u0105cy, logopeda: mgr Karolina Czekaj<\/li>\n<li>Katecheta: mgr Celina Motyka<\/li>\n<\/ul>\n<p>&nbsp;<\/p>\n<h3><span style=\"text-decoration: underline;\"><em><strong>Personel techniczny:<\/strong><\/em><\/span><\/h3>\n<ul>\n<li>Ma\u0142gorzata \u015aleziak<\/li>\n<li>Magdalena Pieczarka<\/li>\n<\/ul>\n","protected":false},"excerpt":{"rendered":"<p>Dyrektor przedszkola: mgr Wioleta Pawlus &nbsp; Nauczyciele: Wychowawca grupy BIEDRONKI ( 5 \u2013 6 latki): mgr El\u017cbieta Wojty\u0142a Wychowawca grupy MOTYLKI ( 3-4 latki), nauczyciel j\u0119zyka angielskiego : mgr Justyna Kalfas Wychowawca grupy popo\u0142udniowej, pedagog: mgr Alicja Zawada Nauczyciel grupy popo\u0142udniowej: mgr Danuta Kalfas Nauczyciel wspomagaj\u0105cy, logopeda: mgr Karolina Czekaj Katecheta: mgr Celina Motyka &nbsp; [&hellip;]<\/p>\n","protected":false},"author":1,"featured_media":0,"parent":0,"menu_order":0,"comment_status":"closed","ping_status":"closed","template":"","meta":{"ngg_post_thumbnail":0,"footnotes":""},"class_list":["post-16","page","type-page","status-publish","hentry"],"_links":{"self":[{"href":"https:\/\/cisiec2.e-przedszkolak.eu\/archiwum\/wp-json\/wp\/v2\/pages\/16","targetHints":{"allow":["GET"]}}],"collection":[{"href":"https:\/\/cisiec2.e-przedszkolak.eu\/archiwum\/wp-json\/wp\/v2\/pages"}],"about":[{"href":"https:\/\/cisiec2.e-przedszkolak.eu\/archiwum\/wp-json\/wp\/v2\/types\/page"}],"author":[{"embeddable":true,"href":"https:\/\/cisiec2.e-przedszkolak.eu\/archiwum\/wp-json\/wp\/v2\/users\/1"}],"replies":[{"embeddable":true,"href":"https:\/\/cisiec2.e-przedszkolak.eu\/archiwum\/wp-json\/wp\/v2\/comments?post=16"}],"version-history":[{"count":14,"href":"https:\/\/cisiec2.e-przedszkolak.eu\/archiwum\/wp-json\/wp\/v2\/pages\/16\/revisions"}],"predecessor-version":[{"id":9211,"href":"https:\/\/cisiec2.e-przedszkolak.eu\/archiwum\/wp-json\/wp\/v2\/pages\/16\/revisions\/9211"}],"wp:attachment":[{"href":"https:\/\/cisiec2.e-przedszkolak.eu\/archiwum\/wp-json\/wp\/v2\/media?parent=16"}],"curies":[{"name":"wp","href":"https:\/\/api.w.org\/{rel}","templated":true}]}}

<h2><em><strong>Dyrektor przedszkola: mgr Wioleta Pawlus</strong></em></h2>
<h3>&nbsp;</h3>
<h3><span style="text-decoration: underline;"><em><strong>Nauczyciele:</strong></em></span></h3>
<ul>
<li>Wychowawca grupy BIEDRONKI ( 5 – 6 latki): mgr Elżbieta Wojtyła</li>
<li>Wychowawca grupy MOTYLKI ( 3-4 latki), nauczyciel języka angielskiego : mgr Justyna Kalfas</li>
<li>Wychowawca grupy popołudniowej, pedagog: mgr Alicja Zawada</li>
<li>Nauczyciel grupy popołudniowej: mgr Danuta Kalfas</li>
<li>Nauczyciel wspomagający, logopeda: mgr Karolina Czekaj</li>
<li>Katecheta: mgr Celina Motyka</li>
</ul>
<p>&nbsp;</p>
<h3><span style="text-decoration: underline;"><em><strong>Personel techniczny:</strong></em></span></h3>
<ul>
<li>Małgorzata Śleziak</li>
<li>Magdalena Pieczarka</li>
</ul>

<p>Dyrektor przedszkola: mgr Wioleta Pawlus &nbsp; Nauczyciele: Wychowawca grupy BIEDRONKI ( 5 – 6 latki): mgr Elżbieta Wojtyła Wychowawca grupy MOTYLKI ( 3-4 latki), nauczyciel języka angielskiego : mgr Justyna Kalfas Wychowawca grupy popołudniowej, pedagog: mgr Alicja Zawada Nauczyciel grupy popołudniowej: mgr Danuta Kalfas Nauczyciel wspomagający, logopeda: mgr Karolina Czekaj Katecheta: mgr Celina Motyka &nbsp; [&hellip;]</p>
