 {"id":14,"date":"2015-12-14T23:29:03","date_gmt":"2015-12-14T22:29:03","guid":{"rendered":"http:\/\/cisiec2.e-przedszkolak.eu\/?page_id=14"},"modified":"2016-02-07T21:40:22","modified_gmt":"2016-02-07T20:40:22","slug":"nasze-przedszkole","status":"publish","type":"page","link":"https:\/\/cisiec2.e-przedszkolak.eu\/archiwum\/nasze-przedszkole\/","title":{"rendered":"O Nas"},"content":{"rendered":"<h3 align=\"center\"><strong>Historia wychowania przedszkolnego w Ma\u0142ym Ci\u015bcu<\/strong><\/h3>\n<p>&nbsp;<\/p>\n<p align=\"justify\">\u00a0 \u00a0 \u00a0 \u00a0 \u00a0 Pierwsz\u0105 opiek\u0105 wychowania przedszkolnego w Ma\u0142ym Ci\u015bcu zosta\u0142y obj\u0119te dzieci w okresie wakacyjnym w 1947 r. Punkt wychowania przedszkolnego mie\u015bci\u0142 si\u0119 w budynku Pa\u0144stwa Pawlus\u00f3w (rodzice Pani Karoliny Rypie\u0144). Funkcj\u0119 kierowniczki plac\u00f3wki i nauczycielki pe\u0142ni\u0142a Pani Maria Grzegorzek Ku\u015bnierz.Od roku 1950 w pe\u0142ni zorganizowana jednooddzia\u0142owa plac\u00f3wka przedszkolna mie\u015bci\u0142a si\u0119 w budynku Pa\u0144stwa Zawad\u00f3w. Funkcj\u0119 kierownika pe\u0142ni\u0142a Pani Maria Ku\u015bnierz, a nauczycielk\u0105 by\u0142a Pani Danuta W\u0119glarz. Warunki lokalowe by\u0142y bardzo trudne. Jednak\u017ce dzieci z rado\u015bci\u0105 korzysta\u0142y z zaj\u0119\u0107, zabaw dydaktyczno-wychowawczych, spacer\u00f3w, a tak\u017ce z pysznych posi\u0142k\u00f3w przygotowywanych przez wspania\u0142\u0105 kuchark\u0119 Pani\u0105 Katarzyn\u0119 Biegun , funkcj\u0119 wo\u017anej pe\u0142ni\u0142a Pani Rozalia Duraj. W roku 1960 r. w poszukiwaniu lepszych warunk\u00f3w lokalowych przeniesiono plac\u00f3wk\u0119 do wolnostoj\u0105cego budynku nale\u017c\u0105cego do Pa\u0144stwa Motyk\u00f3w. W 1967 roku w wyniku nag\u0142ej konieczno\u015bci opuszczenia lokalu przeniesiono plac\u00f3wk\u0119 do nowowybudowanego pi\u0119trowego budynku Pa\u0144stwa Stanis\u0142awy i W\u0142adys\u0142awa Kubic\u00f3w. Funkcj\u0119 intendentki pe\u0142ni\u0142a Pani Genowefa Grzegorzek.<\/p>\n<p align=\"justify\">\u00a0 \u00a0 \u00a0 \u00a0 \u00a0 Przez te wszystkie lata mieszka\u0144cy Ma\u0142ego Ci\u015bca marzyli o w\u0142asnym przedszkolu, w pi\u0119knym nowym budynku. Szczeg\u00f3lnie ten problem le\u017ca\u0142 na sercu cz\u0142onkiniom Ko\u0142a Gospody\u0144 Wiejskich w Ci\u015bcu Ma\u0142ym.<\/p>\n<p align=\"justify\">W sierpniu 1973 roku z okazji do\u017cynek przedstawiono lokalnej w\u0142adzy plan dzia\u0142ania KGW, kt\u00f3ry zosta\u0142 zaakceptowany i obiecano pomoc finansow\u0105. Na pierwszy plan wysuni\u0119to projekt budowy przedszkola w Ma\u0142ym Ci\u015bcu. Wybrano komitet budowy, w sk\u0142ad kt\u00f3rego wesz\u0142a przewodnicz\u0105ca Genowefa Talik i skarbnik Genowefa Grzegorzek oraz cz\u0142onkowie Komitetu Rodzicielskiego z Pani\u0105 Stanis\u0142aw\u0105 Wolny na czele. Zakupiono dzia\u0142k\u0119 pod budow\u0119 . Cz\u0119\u015b\u0107 koszt\u00f3w jej zakupu pokry\u0142o KGW w kwocie 27 tys. 500 z\u0142., przy\u0142\u0105czy\u0142o si\u0119 tak\u017ce do czynu spo\u0142ecznego. Ka\u017cda kobieta odpracowa\u0142a 80 roboczo godzin oraz wp\u0142aci\u0142a po 1000 z\u0142. Budowa przedszkola sz\u0142a pe\u0142n\u0105 par\u0105, ale w dokumentacji nie przewidziano podpiwniczenia pod ca\u0142ym budynkiem. Patrz\u0105c na to gospodarskim okiem kobiety dosz\u0142y do wniosku, \u017ce mo\u017cna fundamenty troch\u0119 pog\u0142\u0119bi\u0107 i wygospodarowa\u0107 dodatkowe pomieszczenia. Wraz z komitetem budowy przedstawi\u0142y spraw\u0119 naczelnikowi Stanis\u0142awowi Dziedzicowi, kt\u00f3ry postara\u0142 si\u0119 o poprawk\u0119 w dokumentacji. Cz\u0142onkinie ko\u0142a ca\u0142y czas pracowa\u0142y nie licz\u0105c godzin i wylanego potu. Te piwnice mia\u0142y s\u0142u\u017cy\u0107 jako ich w\u0142asna siedziba.<\/p>\n<p align=\"justify\">\u00a0 \u00a0 \u00a0 \u00a0 \u00a0 1 czerwca 1977 roku z Okazji Dnia Dziecka zosta\u0142 oddany do u\u017cytku pi\u0119kny, nowoczesny budynek dwuoddzia\u0142owego Przedszkola nr 2 w Ci\u015bcu. Pani dyrektor Maria Ku\u015bnierz , nauczycielka Danuta W\u0119glarz oraz kucharka Katarzyna Biegun w dniu 1 wrze\u015bnia odesz\u0142y na zas\u0142u\u017con\u0105 emerytur\u0119. W nowym roku szkolnym , w nowym przedszkolu dyrektorem zosta\u0142a mgr Jadwiga Nowak, nauczycielk\u0105 Helena Konior -Grzegorzek, kuchark\u0105 Cecylia Dziedzic -Szczotka, intendentk\u0105 Stanis\u0142awa Michalska- Bury. Ze starego personelu zosta\u0142a Pani Krysia Babicka i palacz CO Pan W\u0142adys\u0142aw Zawada.<\/p>\n<p align=\"justify\">Nowa kadra pe\u0142na zapa\u0142u i dobrych rad emerytowanych pracownik\u00f3w przyst\u0105pi\u0142a do pracy. Opiek\u0119 wizytatora i metodyka pe\u0142ni\u0142a Pani mgr Maria Ponikwia. W tamtym czasie plac\u00f3wka przedszkolna pe\u0142ni\u0142a funkcj\u0119 centrum kulturalnego Ma\u0142ego Ci\u015bca. \u015aci\u015ble wsp\u00f3\u0142pracowa\u0142a z Ko\u0142em Gospody\u0144 Wiejskich. Odbywa\u0142o si\u0119 wiele uroczysto\u015bci i przedstawie\u0144 w wykonaniu wychowank\u00f3w. W roku 1997 Pani dyrektor Jadwiga Nowak zachorowa\u0142a (zmar\u0142a w 2000r.) Funkcj\u0119 dyrektora powierzono d\u0142ugoletniej nauczycielce Helenie Grzegorzek. W przedszkolu pracowa\u0142y dwie grupy wychowank\u00f3w, kt\u00f3rych nauczycielkami s\u0105 mgr Janina \u015aleziak oraz mgr Anna Dziedzic -Majdak. Personel techniczny, to Stanis\u0142awa Bury i Ma\u0142gorzata Mi\u0142kowska. Spo\u0142ecznym gospodarzem obiektu i palaczem jest Pan W\u0142odzimierz Plewniak.<\/p>\n<p align=\"justify\">W ci\u0105gu lat plac\u00f3wka zmienia\u0142a si\u0119 wraz z wychowankami. Uda\u0142o si\u0119 zrealizowa\u0107 rozmaite projekty. Wybudowano przy przedszkolu pi\u0119kny og\u00f3lnodost\u0119pny plac zabaw, pozyskano wiele pomocy dydaktycznych, stroje regionalne, instrumenty muzyczne.<\/p>\n<p align=\"justify\">1 wrze\u015bnia 2015 roku po 38-letniej pracy odesz\u0142a na zas\u0142u\u017con\u0105 emerytur\u0119 dyrektor mgr Helena Grzegorzek. W wyniku konkursu funkcj\u0119 dyrektora naszej plac\u00f3wki pe\u0142ni mgr Danuta Kalfas.<\/p>\n<p align=\"justify\">\u00a0 \u00a0 \u00a0 \u00a0 \u00a0 Przez prawie 70 lat istnienia plac\u00f3wki wychowania przedszkolnego w Ma\u0142ym Ci\u015bcu, kadra by\u0142a cz\u0119sto uzupe\u0142niana nauczycielami, pracownikami technicznymi, sta\u017cystami, praktykantami.<\/p>\n<p align=\"justify\">Przy\u015bwieca\u0142y jej pracy s\u0142owa Janusza Korczaka:<\/p>\n<p align=\"justify\"><em><strong>\u201eJestem nie po to, aby mnie kochali i podziwiali, ale po to, abym ja dzia\u0142a\u0142 i kocha\u0142. Nie obowi\u0105zkiem otoczenia pomaga\u0107 mnie, ale ja mam obowi\u0105zek troszczenia si\u0119 o \u015bwiat, o cz\u0142owieka.\u201d<\/strong><\/em><\/p>\n<p align=\"right\">opracowa\u0142a: Helena Grzegorzek<\/p>\n","protected":false},"excerpt":{"rendered":"<p>Historia wychowania przedszkolnego w Ma\u0142ym Ci\u015bcu &nbsp; \u00a0 \u00a0 \u00a0 \u00a0 \u00a0 Pierwsz\u0105 opiek\u0105 wychowania przedszkolnego w Ma\u0142ym Ci\u015bcu zosta\u0142y obj\u0119te dzieci w okresie wakacyjnym w 1947 r. Punkt wychowania przedszkolnego mie\u015bci\u0142 si\u0119 w budynku Pa\u0144stwa Pawlus\u00f3w (rodzice Pani Karoliny Rypie\u0144). Funkcj\u0119 kierowniczki plac\u00f3wki i nauczycielki pe\u0142ni\u0142a Pani Maria Grzegorzek Ku\u015bnierz.Od roku 1950 w pe\u0142ni [&hellip;]<\/p>\n","protected":false},"author":1,"featured_media":0,"parent":0,"menu_order":0,"comment_status":"closed","ping_status":"closed","template":"","meta":{"ngg_post_thumbnail":0,"footnotes":""},"class_list":["post-14","page","type-page","status-publish","hentry"],"_links":{"self":[{"href":"https:\/\/cisiec2.e-przedszkolak.eu\/archiwum\/wp-json\/wp\/v2\/pages\/14","targetHints":{"allow":["GET"]}}],"collection":[{"href":"https:\/\/cisiec2.e-przedszkolak.eu\/archiwum\/wp-json\/wp\/v2\/pages"}],"about":[{"href":"https:\/\/cisiec2.e-przedszkolak.eu\/archiwum\/wp-json\/wp\/v2\/types\/page"}],"author":[{"embeddable":true,"href":"https:\/\/cisiec2.e-przedszkolak.eu\/archiwum\/wp-json\/wp\/v2\/users\/1"}],"replies":[{"embeddable":true,"href":"https:\/\/cisiec2.e-przedszkolak.eu\/archiwum\/wp-json\/wp\/v2\/comments?post=14"}],"version-history":[{"count":9,"href":"https:\/\/cisiec2.e-przedszkolak.eu\/archiwum\/wp-json\/wp\/v2\/pages\/14\/revisions"}],"predecessor-version":[{"id":509,"href":"https:\/\/cisiec2.e-przedszkolak.eu\/archiwum\/wp-json\/wp\/v2\/pages\/14\/revisions\/509"}],"wp:attachment":[{"href":"https:\/\/cisiec2.e-przedszkolak.eu\/archiwum\/wp-json\/wp\/v2\/media?parent=14"}],"curies":[{"name":"wp","href":"https:\/\/api.w.org\/{rel}","templated":true}]}}

<h3 align="center"><strong>Historia wychowania przedszkolnego w Małym Ciścu</strong></h3>
<p>&nbsp;</p>
<p align="justify">          Pierwszą opieką wychowania przedszkolnego w Małym Ciścu zostały objęte dzieci w okresie wakacyjnym w 1947 r. Punkt wychowania przedszkolnego mieścił się w budynku Państwa Pawlusów (rodzice Pani Karoliny Rypień). Funkcję kierowniczki placówki i nauczycielki pełniła Pani Maria Grzegorzek Kuśnierz.Od roku 1950 w pełni zorganizowana jednooddziałowa placówka przedszkolna mieściła się w budynku Państwa Zawadów. Funkcję kierownika pełniła Pani Maria Kuśnierz, a nauczycielką była Pani Danuta Węglarz. Warunki lokalowe były bardzo trudne. Jednakże dzieci z radością korzystały z zajęć, zabaw dydaktyczno-wychowawczych, spacerów, a także z pysznych posiłków przygotowywanych przez wspaniałą kucharkę Panią Katarzynę Biegun , funkcję woźnej pełniła Pani Rozalia Duraj. W roku 1960 r. w poszukiwaniu lepszych warunków lokalowych przeniesiono placówkę do wolnostojącego budynku należącego do Państwa Motyków. W 1967 roku w wyniku nagłej konieczności opuszczenia lokalu przeniesiono placówkę do nowowybudowanego piętrowego budynku Państwa Stanisławy i Władysława Kubiców. Funkcję intendentki pełniła Pani Genowefa Grzegorzek.</p>
<p align="justify">          Przez te wszystkie lata mieszkańcy Małego Ciśca marzyli o własnym przedszkolu, w pięknym nowym budynku. Szczególnie ten problem leżał na sercu członkiniom Koła Gospodyń Wiejskich w Ciścu Małym.</p>
<p align="justify">W sierpniu 1973 roku z okazji dożynek przedstawiono lokalnej władzy plan działania KGW, który został zaakceptowany i obiecano pomoc finansową. Na pierwszy plan wysunięto projekt budowy przedszkola w Małym Ciścu. Wybrano komitet budowy, w skład którego weszła przewodnicząca Genowefa Talik i skarbnik Genowefa Grzegorzek oraz członkowie Komitetu Rodzicielskiego z Panią Stanisławą Wolny na czele. Zakupiono działkę pod budowę . Część kosztów jej zakupu pokryło KGW w kwocie 27 tys. 500 zł., przyłączyło się także do czynu społecznego. Każda kobieta odpracowała 80 roboczo godzin oraz wpłaciła po 1000 zł. Budowa przedszkola szła pełną parą, ale w dokumentacji nie przewidziano podpiwniczenia pod całym budynkiem. Patrząc na to gospodarskim okiem kobiety doszły do wniosku, że można fundamenty trochę pogłębić i wygospodarować dodatkowe pomieszczenia. Wraz z komitetem budowy przedstawiły sprawę naczelnikowi Stanisławowi Dziedzicowi, który postarał się o poprawkę w dokumentacji. Członkinie koła cały czas pracowały nie licząc godzin i wylanego potu. Te piwnice miały służyć jako ich własna siedziba.</p>
<p align="justify">          1 czerwca 1977 roku z Okazji Dnia Dziecka został oddany do użytku piękny, nowoczesny budynek dwuoddziałowego Przedszkola nr 2 w Ciścu. Pani dyrektor Maria Kuśnierz , nauczycielka Danuta Węglarz oraz kucharka Katarzyna Biegun w dniu 1 września odeszły na zasłużoną emeryturę. W nowym roku szkolnym , w nowym przedszkolu dyrektorem została mgr Jadwiga Nowak, nauczycielką Helena Konior -Grzegorzek, kucharką Cecylia Dziedzic -Szczotka, intendentką Stanisława Michalska- Bury. Ze starego personelu została Pani Krysia Babicka i palacz CO Pan Władysław Zawada.</p>
<p align="justify">Nowa kadra pełna zapału i dobrych rad emerytowanych pracowników przystąpiła do pracy. Opiekę wizytatora i metodyka pełniła Pani mgr Maria Ponikwia. W tamtym czasie placówka przedszkolna pełniła funkcję centrum kulturalnego Małego Ciśca. Ściśle współpracowała z Kołem Gospodyń Wiejskich. Odbywało się wiele uroczystości i przedstawień w wykonaniu wychowanków. W roku 1997 Pani dyrektor Jadwiga Nowak zachorowała (zmarła w 2000r.) Funkcję dyrektora powierzono długoletniej nauczycielce Helenie Grzegorzek. W przedszkolu pracowały dwie grupy wychowanków, których nauczycielkami są mgr Janina Śleziak oraz mgr Anna Dziedzic -Majdak. Personel techniczny, to Stanisława Bury i Małgorzata Miłkowska. Społecznym gospodarzem obiektu i palaczem jest Pan Włodzimierz Plewniak.</p>
<p align="justify">W ciągu lat placówka zmieniała się wraz z wychowankami. Udało się zrealizować rozmaite projekty. Wybudowano przy przedszkolu piękny ogólnodostępny plac zabaw, pozyskano wiele pomocy dydaktycznych, stroje regionalne, instrumenty muzyczne.</p>
<p align="justify">1 września 2015 roku po 38-letniej pracy odeszła na zasłużoną emeryturę dyrektor mgr Helena Grzegorzek. W wyniku konkursu funkcję dyrektora naszej placówki pełni mgr Danuta Kalfas.</p>
<p align="justify">          Przez prawie 70 lat istnienia placówki wychowania przedszkolnego w Małym Ciścu, kadra była często uzupełniana nauczycielami, pracownikami technicznymi, stażystami, praktykantami.</p>
<p align="justify">Przyświecały jej pracy słowa Janusza Korczaka:</p>
<p align="justify"><em><strong>„Jestem nie po to, aby mnie kochali i podziwiali, ale po to, abym ja działał i kochał. Nie obowiązkiem otoczenia pomagać mnie, ale ja mam obowiązek troszczenia się o świat, o człowieka.”</strong></em></p>
<p align="right">opracowała: Helena Grzegorzek</p>

<p>Historia wychowania przedszkolnego w Małym Ciścu &nbsp;           Pierwszą opieką wychowania przedszkolnego w Małym Ciścu zostały objęte dzieci w okresie wakacyjnym w 1947 r. Punkt wychowania przedszkolnego mieścił się w budynku Państwa Pawlusów (rodzice Pani Karoliny Rypień). Funkcję kierowniczki placówki i nauczycielki pełniła Pani Maria Grzegorzek Kuśnierz.Od roku 1950 w pełni [&hellip;]</p>
